t**2 - 9*t - 4. Let m be d(-6). Suppose -148 = -18*l + m*l. What is the units digit of l?
7
Let v = -1 - 2. What is the units digit of (-2 - -1)*v*3?
9
Let m(n) = n**2 + 2*n + 3. Let h = 7 + -10. Let o be m(h). Suppose -15 - o = -3*i. What is the units digit of i?
7
Suppose 3*n - 5*i = 140, -4*n - 4*i = -2*i - 178. What is the units digit of n?
5
Suppose -13 = 5*h + 17. What is the units digit of 1 - h - 9/9?
6
Let o(z) = -14*z - 13. What is the units digit of o(-5)?
7
Let m(i) = i + 2. Let s be m(-7). What is the units digit of s/(-2) + (-6)/12?
2
Let s(r) = 6*r**2 - 7 + r**2 - 4*r**2 - 2*r**2 - 3*r. What is the units digit of s(7)?
1
Suppose -z = -8 + 2. Let o = z + -2. Suppose 0 = o*v + 2*y - 98, -5*y + 9 = -3*v + 50. What is the tens digit of v?
2
Let u = 15 - 9. Suppose i = u*i + 45. Let r = 25 + i. What is the tens digit of r?
1
Suppose 0 = 5*t + 10, 3*p + t = 206 + 110. What is the units digit of p?
6
Let v(j) = -j**3 + 6*j**2 - 4*j. Let w be v(5). Suppose -5*q - 5*s - 65 = -7*q, -3*q - w*s + 85 = 0. What is the units digit of q?
0
Suppose -12*b + 14*b = 70. What is the tens digit of b?
3
Suppose 0 = 2*u - 4*c - 658, -4*u - 4*c = 301 - 1629. What is the tens digit of u?
3
Let g(s) = s**2 + 2*s - 5. Let v be g(-4). Suppose -v*i + 7*i = 28. What is the units digit of i?
7
Suppose 3*g - 3*k = 6, -3*k + 3 = 4*g - 6*k. Let a(q) = -4*q + 3. What is the tens digit of a(g)?
1
Suppose -3*y - 4*d = 12, -3*d = -2*d - 3. Suppose -2*l - 3*l = 25. Let g = l - y. What is the units digit of g?
3
Suppose 0 = c - 19 - 9. Suppose -c = -0*r - r. Let u = r + -20. What is the units digit of u?
8
Suppose 261 = 5*j - 74. What is the tens digit of j?
6
Let a(s) = s**3 - 6*s**2 - s + 20. What is the units digit of a(6)?
4
Let r be 1 + 13 + 0/(-3). Suppose r - 90 = -2*s. What is the units digit of s?
8
Let w(m) be the second derivative of -m**5/20 - 5*m**4/12 + m**3/6 + 3*m**2 + 3*m. What is the units digit of w(-5)?
1
Suppose 0 = -l + 113 + 11. What is the units digit of l?
4
Suppose -3*p = -5*q - 26, -4*q + 7 - 21 = p. What is the units digit of (-58)/(-4)*4/p?
9
Let u(l) = -1 + 4*l + l + l**2 + 6. Suppose 0*g + 4*g = -24. What is the tens digit of u(g)?
1
What is the tens digit of ((-15)/1)/(66/(-21) + 3)?
0
Suppose 2*t - 1 = t. Suppose 2*q - 3*q + t = 0. What is the units digit of q?
1
Let x(v) = -7*v + 4. Let m be x(-8). Let z = m - 32. What is the tens digit of z?
2
Let p(t) = 15*t**2 - 2. Let v be p(2). Suppose v = -q + 7. What is the units digit of (1 - q/(-21))*-7?
0
What is the units digit of (1876/42)/(4/30)?
5
Suppose 2*m = -0*m + 10. Let d(x) = x**2 - 5*x + 5. What is the units digit of d(m)?
5
Suppose -5*p = -3*o - 34, 4*o - 3*p + 7*p = -24. Let q = o - -8. Suppose f - 17 = -q*f. What is the units digit of f?
7
Let t = -5 - -2. Let s = t - -1. What is the units digit of 1*7 + (s - 0)?
5
Let u(b) = b. Let y be u(6). Let j = 8 + y. What is the tens digit of j?
1
What is the tens digit of ((-3)/(-4))/(438/216 + -2)?
2
Let s(m) = 198*m**2 + 2*m - 1. What is the hundreds digit of s(1)?
1
Let l = 464 + -324. What is the hundreds digit of l?
1
Suppose 4 = -4*j + 12. Suppose j*b + 44 = 3*b. Suppose -3*h + 1 + b = 0. What is the tens digit of h?
1
What is the units digit of (45 - (-1 + 0))*(3 - 2)?
6
Let g = 2 - 2. Let u(q) = q**2 - 2*q + 2. Let d be u(2). Suppose g = c - 10 + d. What is the units digit of c?
8
Suppose p - 30 = -2*p + 4*m, -3 = m. Let w = p - 5. Suppose 0 = y - 2 + w. What is the units digit of y?
1
Let i = -18 + 41. Let o = i + -14. What is the units digit of o?
9
What is the tens digit of 3 + 22/(-6) - 284/(-12)?
2
Let f = -23 + 90. What is the units digit of f?
7
Let a = 23 - 6. Let v = 29 - a. What is the units digit of v?
2
What is the tens digit of 4/(-14) - 1476/(-21)?
7
Let z(b) = -b**3 - 6*b**2 - 6*b - 3. Let h be z(-5). Suppose -2 = -h*f - 12, -5*y = 4*f + 5. Let l = 10 - y. What is the units digit of l?
7
Suppose 0 = 2*z + d - 404 + 46, 2 = d. What is the hundreds digit of z?
1
Suppose -2*r = -11 - 117. What is the tens digit of r?
6
Suppose 3*b - 5 = 1. Let y(a) = a**2 - 2*a + 3. Let g be y(b). Suppose -41 + 11 = -g*u. What is the tens digit of u?
1
Let l be (-2)/(1*(-2)/(-4)). What is the tens digit of 17/(l/(-12)*3)?
1
Suppose 90 = l - z - 19, 442 = 4*l + 2*z. Suppose 3*b = -2*b + l. What is the tens digit of b?
2
Let z(p) = p**3 - 5*p**2 + 5*p - 1. Let x be z(4). Let f = 3 - 1. What is the units digit of f/(-2) - (-30)/x?
9
Suppose 144 = 3*r - 4*v, 5*r + 55 - 281 = 2*v. Let t be 3 - 5 - (-7 + 2). Suppose -r = -g - t*g. What is the units digit of g?
1
Let l(x) = -19*x + 1. Let q be l(-1). Let s = q - 8. What is the tens digit of s?
1
Suppose -5*r - 4 + 200 = -j, -r = -4*j - 43. Suppose 0 = 2*k + 6*x - 11*x - 1, 3*k - r = -5*x. What is the units digit of k?
8
Let h(n) = 4*n + 1. Let m be h(1). Suppose -2*a - 15 = -0*a - q, 0 = a - m*q + 30. Let o(d) = -2*d. What is the tens digit of o(a)?
1
Suppose 0 = 5*z - 3*r - 63, 5*z + r - 29 - 30 = 0. What is the units digit of z?
2
Suppose 5*j - 31 - 29 = 0. What is the tens digit of j?
1
Let c(k) = 9*k**3 + 2*k**2 + 2*k + 1. Let d be c(-1). Let r(x) = -x**3 - 9*x**2 - 12*x - 17. What is the tens digit of r(d)?
1
Let o be (-517)/33*(0 + 27). What is the tens digit of o/(-18) + 2/4?
2
Suppose 0 = -2*s + 9*o - 12*o + 513, -4*s + 4*o + 1016 = 0. What is the units digit of s?
5
Suppose 0 = 4*u + o - 11, 4*u + 0*o - 17 = -3*o. Suppose -u = 5*l - 52. Suppose 2*s + l = 0, -p + s - 2*s = -4. What is the units digit of p?
9
Suppose 41 - 413 = -3*y. What is the units digit of y?
4
Let f(k) = -18*k**2 - 10*k. Let q be f(-4). What is the tens digit of q/(-6) - (-8)/(-24)?
4
Let f = 58 - 31. Suppose -5*u - 3*c = -f, 3*u - 4*c + 19 = 4*u. Let b(m) = 2*m + 2. What is the units digit of b(u)?
8
Suppose -5*f - 45 = -5*o, -7*o + 4*o - 57 = 3*f. Let p = f + 23. Suppose 4*t - p - 7 = 0. What is the units digit of t?
4
Let l be (-3738)/(-36) + 1/6. Suppose -5*m + l = -m. What is the tens digit of m?
2
Let o(i) = 31*i**2 - 2*i - 1. Let u be o(-1). Suppose 0 = -0*y - y + u. Suppose 5*j - 44 = -4*a, -5*a + y = -4*j - 23. What is the tens digit of a?
1
Let p be 23/5 + 8/20. Suppose -p*a = -42 - 8. What is the units digit of a?
0
Let s = -22 - -1. What is the tens digit of (-1915)/(-35) - 6/s?
5
Let w = 54 - 38. Suppose w*b = 14*b + 56. What is the tens digit of b?
2
Let f(m) = -m + 8. Let y be f(7). Let u be (y - -4)*(-16)/20. What is the units digit of (6/(-3))/u*38?
9
Let k = 46 - -21. What is the tens digit of k?
6
Let h = 30 + -55. Let o be (-2 - -39) + -3 + 1. Let w = h + o. What is the units digit of w?
0
Suppose 0 = 4*h - 2*h - 5*l + 8, h - 4*l = -10. Suppose -131 + h = -5*j. What is the units digit of j?
5
Let y(n) be the first derivative of n**4/8 - n**3/6 + n**2 + 1. Let r(h) be the second derivative of y(h). What is the units digit of r(3)?
8
Suppose 0 = -3*a - a - 24. Let w = 9 + a. What is the units digit of w?
3
Suppose 4*r - 106 = 26. What is the units digit of r?
3
Suppose 0 = 2*o + 5*o - 217. What is the units digit of o?
1
Let g(c) = c**3 - 2*c**2 + c + 1. Let n = 3 + -1. Let h be g(n). Suppose -4*a + h*a + 2 = 4*j, 4*j = 0. What is the units digit of a?
2
Let t be (-15)/3 + 0/3. What is the units digit of 6/30 - 14/t?
3
Suppose 3*y = -3*z, -4*z - 2 = -2*y + 5*y. Suppose 0 = y*o + 3*o - 180. What is the units digit of 28/o + 2/9?
1
Suppose 5*p - 1 = 4, -2*l - 3*p = -3. Suppose 5*b + 240 = -l*b. What is the units digit of (-2)/(3 - b/(-15))?
0
Let a(f) = -9*f - 19. What is the units digit of a(-10)?
1
Let d = 7 + -5. What is the units digit of d + 0 + 1 - 0?
3
Let t(k) = k**2 - 2*k + 1. Let q be t(3). Suppose 5*z = 1 + q. What is the units digit of ((-8)/(-2))/(z/2)?
8
What is the hundreds digit of (-6)/(-9) + (-1696)/(-12)?
1
Suppose 2*j = -2*j + 200. What is the tens digit of j?
5
Suppose 0 = -2*a - 4*i - 10 + 2, 2 = -5*a - 4*i. Suppose -x - a*f = x - 42, -x = 5*f - 13. What is the tens digit of x?
2
Suppose 4*h + 7 = -u, -1 = -u - 2*h + 2. What is the units digit of (u - 2) + (-4)/(-2)?
3
What is the units digit of 233/11 - 4/22?
1
Suppose -5*h + 4*h = -4*w - 90, 60 = h + 2*w. Suppose 2*u + 2*k + 50 = 5*u, 4*u - k = h. What is the tens digit of u?
1
Suppose 7*j = 4*j + 27. Suppose -l + 28